j(k) = k**3 - 5*k**2 - k + 7. Let r be j(5). Let m be r/(-2 + q/15). What is the highest common divisor of m and 5?
5
Let i be (-4)/(0 - 4/5) + 135. Calculate the greatest common divisor of 56 and i.
28
Suppose 15 = 5*a - 5. Suppose a*l - 5*m - 74 = 3*l, m = 3*l - 292. What is the highest common factor of 33 and l?
33
Suppose 4*g + 4*w = 16, g + 3*w = -3*g + 18. Suppose -76 + 10 = -11*f. Let c be 9*(-2 + f/(-27)*-30). What is the greatest common factor of g and c?
6
Suppose -2 = -4*h + 14. Suppose 0 = v + u - 204, v + 3*u = -h*v + 1018. Calculate the greatest common divisor of 29 and v.
29
Let v(p) = p**2 + 20*p - 84. Let n be v(6). What is the highest common factor of n and 12?
12
Let q = 429 - 357. What is the highest common factor of q and 252?
36
Suppose -3*o + o = 3*c + 14, 10 = 2*o - 3*c. Let a be (2 + o)/(7/21). Suppose a*v = 4*j + 6, v + 2*v - 5*j = 3. What is the highest common divisor of v and 48?
6
Let n be 22 + 19 + (3 + -1 - 5). What is the greatest common factor of n and 608?
38
Suppose -29*s = 569 - 946. What is the greatest common divisor of 1417 and s?
13
Suppose 5*n + 96 = 4*d, d = 8*n - 10*n + 11. Calculate the highest common divisor of d and 1159.
19
Suppose -5*n + 6*n = 10. Let z(p) = -p**2 + 12*p + 12. Let f be z(n). Let m = f + -22. Calculate the highest common divisor of 2 and m.
2
Suppose -5*u - 17 = -b + 10, 5*b = -2*u. Suppose -b*z + 93 = -35. Suppose -376 = -8*p - 120. What is the greatest common divisor of z and p?
32
Suppose 3*r - 1281 = -4*r. Suppose -4*i = -3*l - r, -3*i - l = -i - 89. What is the greatest common factor of 9 and i?
9
Let c be (5 + (-1512)/(-20))*5. What is the highest common divisor of c and 13?
13
Suppose 16*g = 21*g - 115. What is the highest common divisor of 736 and g?
23
Suppose 127 = 3*c + 5*g, -2*g + 34 + 87 = 3*c. What is the greatest common factor of 403 and c?
13
Suppose 3*i + 5 = 4*m - 0, -4*i + 14 = 5*m. Let q be 1/(m/(-4)) + 10. Calculate the highest common divisor of 8 and q.
8
Suppose 0*b + 6*b = -402. Let x = 99 + b. Calculate the greatest common divisor of 224 and x.
32
Let j = 14 + 62. Let c be (76/6)/((-2)/(-3)). What is the greatest common divisor of c and j?
19
Let z(r) = 5*r - 34. Let q be z(8). Let u(c) = 2*c**2 - 4*c - 20. Let v be u(q). Calculate the greatest common divisor of 4 and v.
4
Let l(x) = -x**2 + 4*x - 88. Let t be l(0). Let d = -77 - t. What is the highest common factor of 88 and d?
11
Let o = -9 + 27. Suppose 0 = 6*n - 78 - o. Calculate the greatest common divisor of 128 and n.
16
Let f(p) = -p + 9. Let o be f(7). Suppose -2*q + 2*k = 68, -2*q + q - 5*k = 58. Let g = q + 54. What is the highest common factor of o and g?
2
Suppose 3290 = -199*w + 234*w. Calculate the highest common factor of w and 4.
2
Suppose 0 = 4*m + 16, -5*u + 5*m - 2*m + 127 = 0. Let h = u + -13. Suppose 6 = q - 14. What is the highest common divisor of h and q?
10
Let v be -20 + (4 - -4) - -880. Calculate the greatest common divisor of 28 and v.
28
Let q(y) = 346*y**2 - 315*y**2 + 0 - 3*y + 2. Let r be q(2). Calculate the highest common factor of r and 24.
24
Let y = 211 + -112. Let x = 455 - 444. What is the highest common factor of y and x?
11
Let q be 2/6 + (-15)/(-9). Suppose 2*y - 22 = y - 4*p, 2*y = -3*p + 24. Suppose -4*x + q*x + y = 0. Calculate the highest common factor of x and 1.
1
Suppose 38*u = 173 + 321. Calculate the highest common divisor of 2249 and u.
13
Let k be ((-17)/((-204)/2424))/(1/4). What is the highest common factor of k and 101?
101
Let r(d) = -d - 3. Let a be r(-6). Suppose -3*l = -m - 44, -2*l + m + 24 = a*m. What is the highest common factor of 35 and l?
7
Let k(t) = -2*t**3 - 29*t**2 - 18*t - 10. Let r be k(-14). What is the greatest common divisor of 713 and r?
23
Let o be 1*4/(-9) - (-2564320)/4464. Calculate the greatest common divisor of o and 42.
14
Let o = 4 + -2. Let i be 2*(-3)/24*(-360)/9. Calculate the greatest common divisor of o and i.
2
Let o(h) = 16*h - 89. Let q be o(7). Calculate the greatest common factor of q and 23.
23
Suppose -2*p = 2*p + 12, -2*p = -3*q + 24. Suppose 0 = -3*m + q*m - 6. Let t = 15 + -13. What is the highest common divisor of t and m?
2
Let z = 3106 - 3076. What is the greatest common divisor of z and 180?
30
Let c be 56 + (-15)/(15/8). Calculate the greatest common divisor of c and 80.
16
Let k(h) = -h**3 + 97*h + 11. Let v be k(-11). Calculate the highest common factor of 55 and v.
55
Let h(u) = 1 + u**3 + 2*u**2 - 7 + 2*u - 4*u**2. Let k be ((-4)/(-6))/(42/189). Let a be h(k). Calculate the highest common factor of a and 1.
1
Suppose 6*j - 5*j - 42 = 0. Suppose x = -4*d + 23, 26 = 2*x - d + 5*d. Suppose 0 = x*p - j. Calculate the greatest common factor of 14 and p.
14
Let x = -317 + 445. Suppose -5*d - 64 = -7*d. Calculate the greatest common divisor of x and d.
32
Let i = -82 - -83. Let a = i - -13. Let m = -65 + 100. Calculate the greatest common factor of a and m.
7
Let p = -37 + 77. Suppose 137*x - 135*x = 10. What is the highest common factor of x and p?
5
Suppose 0 = -5*n - 4 + 19. Suppose -4*w = 3*k - n*w - 62, 4*k + 3*w = 86. What is the highest common factor of 80 and k?
20
Let a = 21 + -11. Let r be ((-4)/a)/((-1)/70). Let b = r + 40. What is the highest common divisor of b and 17?
17
Suppose -2*d + d + 52 = 0. Let k(g) = g**2 + 4*g - 5. Let w be k(-5). Suppose w*r - 39 = -3*r. What is the greatest common factor of r and d?
13
Suppose -h = -4*b + 324, -2*b + h - 168 = -4*b. Suppose -2*a = -62 - b. What is the greatest common factor of a and 12?
12
Let f = -12 - -200. Suppose 0 = 2*x - 5*j - f, x - 2*j - 68 = 27. Calculate the highest common factor of 9 and x.
9
Suppose -4 - 1 = 5*w, w - 69 = 2*i. Let a = i + 39. Suppose 240 = a*g - 2*g. What is the highest common divisor of 15 and g?
15
Let y(s) = -s**2 + 57. Let w be y(7). Let q = 80 - -72. Calculate the highest common divisor of q and w.
8
Let q(u) be the first derivative of 22*u**3/3 - u**2 - 4*u - 2. Let g be q(-3). Suppose -43 = -3*n + 32. Calculate the highest common divisor of g and n.
25
Suppose 2*r + 0*r = 2*j + 38, -4*r = -j - 64. Let x be (-1046)/(-6) - 5/r. What is the highest common factor of x and 29?
29
Suppose 0 = -2*s + 18 + 126. Let o = 23 + -15. Calculate the greatest common factor of o and s.
8
Suppose -3*y - 5*h = -56, 2*h - 118 = -4*y + 4*h. What is the greatest common divisor of y and 15?
3
Suppose -28 = -0*f + 2*f. Let c be (-865)/35 + 4/f. Let u be (0 + -17)/(5/c). Calculate the highest common divisor of 34 and u.
17
Suppose o - 12 = -3*o. Let w(r) = -r**2 - 13*r - 41. Let h be w(-5). Let x(b) = -26*b - 5. Let v be x(h). Calculate the highest common divisor of v and o.
3
Let p be ((-1161)/36)/(3/(-12)). Calculate the greatest common divisor of p and 86.
43
Let g = -19 + 44. Let u = g - 24. What is the highest common divisor of u and 7?
1
Let k(v) = -8*v - 1. Let o(p) = -p. Let h(f) = -k(f) + 2*o(f). Let l be h(3). What is the highest common factor of 171 and l?
19
Let l = 644 + -617. What is the highest common factor of 12 and l?
3
Let n(g) = 12*g + 6 + 21 - 16*g. Let x be n(-18). What is the greatest common factor of 9 and x?
9
Let d be (2 - 30/35)*(-14)/(-4). Suppose d*x = 6*x - 2. What is the greatest common divisor of 11 and x?
1
Suppose -t = 3*n + 7 - 37, -2*n = -2*t - 12. Suppose n*b = 5*b + 140. Let w = b + -30. Calculate the highest common factor of w and 40.
5
Let z = -20 + 23. Suppose 21 = y + z. Calculate the highest common factor of 90 and y.
18
Let p be (-7 - -4)/((-6)/196). Let d = -68 + p. Suppose 3*r - d = 3*h - 0*h, -2*h - 47 = -5*r. What is the highest common divisor of r and 81?
9
Let y be (-1 - 9)*10/(-2). Let i = -112 + 10. Let u be (-4)/20 - i/10. Calculate the greatest common factor of y and u.
10
Let g(z) = z**3 - 3*z**2 - 3*z. Let m be g(4). Let k be (22/(-3))/(m/(-18)). Let l = 5145 - 5123. What is the greatest common divisor of k and l?
11
Suppose 7*d = -3*o + 2*d - 19, -o = 2*d + 7. Let t be (-350)/15 + o/(-9). Let n = 38 + t. What is the highest common divisor of n and 60?
15
Suppose 6 = -3*n + 3*q, -6*n - 4*q = -n - 17. Let d(o) = -o - 2. Let t be d(-3). Calculate the highest common factor of t and n.
1
Suppose -11*b + 9*b - 2*z = -880, 0 = 2*b - z - 871. What is the greatest common factor of b and